{"id":181,"date":"2022-05-24T07:28:40","date_gmt":"2022-05-24T07:28:40","guid":{"rendered":"https:\/\/pmgdestudios.cl\/?page_id=181"},"modified":"2024-05-13T13:36:28","modified_gmt":"2024-05-13T13:36:28","slug":"contacto","status":"publish","type":"page","link":"https:\/\/pmgdestudios.cl\/?page_id=181","title":{"rendered":"CONTACTO"},"content":{"rendered":"<div data-colibri-id=\"181-c1\" class=\"style-355 style-local-181-c1 position-relative\">\n  <!---->\n  <div data-colibri-component=\"section\" data-colibri-id=\"181-c2\" id=\"about\" class=\"h-section h-section-global-spacing d-flex align-items-lg-center align-items-md-center align-items-center style-399 style-local-181-c2 position-relative\">\n    <!---->\n    <!---->\n    <div class=\"h-section-grid-container h-section-boxed-container\">\n      <!---->\n      <div data-colibri-id=\"181-c3\" class=\"h-row-container gutters-row-lg-2 gutters-row-md-2 gutters-row-2 gutters-row-v-lg-2 gutters-row-v-md-2 gutters-row-v-2 style-400 style-local-181-c3 position-relative\">\n        <!---->\n        <div class=\"h-row justify-content-lg-center justify-content-md-center justify-content-center align-items-lg-stretch align-items-md-stretch align-items-stretch gutters-col-lg-2 gutters-col-md-2 gutters-col-2 gutters-col-v-lg-2 gutters-col-v-md-2 gutters-col-v-2\">\n          <!---->\n          <div class=\"h-column h-column-container d-flex h-col-lg-auto h-col-md-auto h-col-auto style-401-outer style-local-181-c4-outer\">\n            <div data-colibri-id=\"181-c4\" class=\"d-flex h-flex-basis h-column__inner h-px-lg-2 h-px-md-2 h-px-2 v-inner-lg-2 v-inner-md-2 v-inner-2 style-401 style-local-181-c4 position-relative\">\n              <!---->\n              <!---->\n              <div class=\"w-100 h-y-container h-column__content h-column__v-align flex-basis-100 align-self-lg-center align-self-md-center align-self-center\">\n                <!---->\n                <div data-colibri-id=\"181-c5\" class=\"h-global-transition-all h-heading style-403 style-local-181-c5 position-relative h-element\">\n                  <!---->\n                  <div class=\"h-heading__outer style-403 style-local-181-c5\">\n                    <!---->\n                    <!---->\n                    <h2 class=\"\">\u00bfQuieres contactar a uno de nuestros ejecutivos?<\/h2>\n                  <\/div>\n                <\/div>\n                <div data-colibri-id=\"181-c6\" class=\"h-text h-text-component style-404 style-local-181-c6 position-relative h-element\">\n                  <!---->\n                  <!---->\n                  <div class=\"\">\n                    <p>Si tienes alguna dudas o&nbsp;necesitas&nbsp;contratar nuestros servicios, escr\u00edbenos a info@pmgdestudios.cl o haz link en el bot\u00f3n de abajo y uno de nuestros ejecutivos te atender\u00e1 cordialmente&nbsp;<\/p>\n                  <\/div>\n                <\/div>\n                <div data-colibri-id=\"181-c7\" class=\"h-x-container style-405 style-local-181-c7 position-relative h-element\">\n                  <!---->\n                  <div class=\"h-x-container-inner style-dynamic-181-c7-group style-405-spacing style-local-181-c7-spacing\"><span class=\"h-button__outer style-409-outer style-local-181-c8-outer d-inline-flex h-element\"><a h-use-smooth-scroll=\"true\" href=\"mailto:info@pmgdestudios.cl\"  data-colibri-id=\"181-c8\" class=\"d-flex w-100 align-items-center h-button justify-content-lg-center justify-content-md-center justify-content-center style-409 style-local-181-c8 position-relative\"><!----><!----> <span>enviar mail<\/span><\/a>\n                    <\/span>\n                  <\/div>\n                <\/div>\n              <\/div>\n            <\/div>\n          <\/div>\n          <div class=\"h-column h-column-container d-flex h-col-lg-auto h-col-md-auto h-col-auto style-407-outer style-local-181-c9-outer\">\n            <div data-colibri-id=\"181-c9\" class=\"d-flex h-flex-basis h-column__inner h-px-lg-2 h-px-md-2 h-px-2 v-inner-lg-2 v-inner-md-2 v-inner-2 style-407 style-local-181-c9 position-relative\">\n              <!---->\n              <!---->\n              <div class=\"w-100 h-y-container h-column__content h-column__v-align flex-basis-100 align-self-lg-center align-self-md-center align-self-center\">\n                <!---->\n                <div data-colibri-id=\"181-c10\" class=\"d-block style-408 style-local-181-c10 position-relative h-element\">\n                  <!---->\n                  <div class=\"h-image__frame-container-outer\">\n                    <div class=\"h-image__frame-container\">\n                      <!---->\n                      <!---->\n                      <img loading=\"lazy\" decoding=\"async\" width=\"1400\" height=\"800\" src=\"https:\/\/pmgdestudios.cl\/wp-content\/uploads\/2022\/05\/Diseno-sin-titulo-2021-01-14T140502.257.png\" class=\"wp-image-210 style-408-image style-local-181-c10-image\" alt=\"\" srcset=\"https:\/\/pmgdestudios.cl\/wp-content\/uploads\/2022\/05\/Diseno-sin-titulo-2021-01-14T140502.257.png 1400w, https:\/\/pmgdestudios.cl\/wp-content\/uploads\/2022\/05\/Diseno-sin-titulo-2021-01-14T140502.257-300x171.png 300w, https:\/\/pmgdestudios.cl\/wp-content\/uploads\/2022\/05\/Diseno-sin-titulo-2021-01-14T140502.257-1024x585.png 1024w, https:\/\/pmgdestudios.cl\/wp-content\/uploads\/2022\/05\/Diseno-sin-titulo-2021-01-14T140502.257-768x439.png 768w\" sizes=\"auto, (max-width: 1400px) 100vw, 1400px\" \/>\n                      <div class=\"h-image__frame h-hide-sm style-408-frameImage style-local-181-c10-frameImage\"><\/div>\n                    <\/div>\n                  <\/div>\n                <\/div>\n              <\/div>\n            <\/div>\n          <\/div>\n        <\/div>\n      <\/div>\n    <\/div>\n  <\/div>\n<\/div>","protected":false},"excerpt":{"rendered":"<p>\u00bfQuieres contactar a uno de nuestros ejecutivos? Si tienes alguna dudas o&nbsp;necesitas&nbsp;contratar nuestros servicios, escr\u00edbenos a info@pmgdestudios.cl o haz link en el bot\u00f3n de abajo y uno de nuestros ejecutivos te atender\u00e1 cordialmente&nbsp; enviar mail<\/p>\n","protected":false},"author":1,"featured_media":0,"parent":0,"menu_order":0,"comment_status":"closed","ping_status":"closed","template":"page-templates\/full-width-page.php","meta":{"footnotes":""},"class_list":["post-181","page","type-page","status-publish","hentry"],"_links":{"self":[{"href":"https:\/\/pmgdestudios.cl\/index.php?rest_route=\/wp\/v2\/pages\/181","targetHints":{"allow":["GET"]}}],"collection":[{"href":"https:\/\/pmgdestudios.cl\/index.php?rest_route=\/wp\/v2\/pages"}],"about":[{"href":"https:\/\/pmgdestudios.cl\/index.php?rest_route=\/wp\/v2\/types\/page"}],"author":[{"embeddable":true,"href":"https:\/\/pmgdestudios.cl\/index.php?rest_route=\/wp\/v2\/users\/1"}],"replies":[{"embeddable":true,"href":"https:\/\/pmgdestudios.cl\/index.php?rest_route=%2Fwp%2Fv2%2Fcomments&post=181"}],"version-history":[{"count":16,"href":"https:\/\/pmgdestudios.cl\/index.php?rest_route=\/wp\/v2\/pages\/181\/revisions"}],"predecessor-version":[{"id":888,"href":"https:\/\/pmgdestudios.cl\/index.php?rest_route=\/wp\/v2\/pages\/181\/revisions\/888"}],"wp:attachment":[{"href":"https:\/\/pmgdestudios.cl\/index.php?rest_route=%2Fwp%2Fv2%2Fmedia&parent=181"}],"curies":[{"name":"wp","href":"https:\/\/api.w.org\/{rel}","templated":true}]}}